{"id":1997,"date":"2022-03-07T02:09:25","date_gmt":"2022-03-07T05:09:25","guid":{"rendered":"https:\/\/www.abn.adv.br\/noticiasjuridicas\/?page_id=1997"},"modified":"2022-03-07T02:09:27","modified_gmt":"2022-03-07T05:09:27","slug":"advogado-imobiliario","status":"publish","type":"page","link":"https:\/\/www.abn.adv.br\/noticiasjuridicas\/advogado-imobiliario\/","title":{"rendered":"Advogado Imobili\u00e1rio"},"content":{"rendered":"\n<p>Atuamos no direito imobili\u00e1rio, principalmente com Compra e Venda de Im\u00f3veis, tais como: Atraso na Entrega das Chaves, Taxa SATI (Servi\u00e7os de Assist\u00eancia T\u00e9cnico Imobili\u00e1ria) , Taxa de Corretagem, tamb\u00e9m denominada Cl\u00e1usula de Corretagem, desist\u00eancia do contrato, devolu\u00e7\u00e3o do dinheiro pago, Consigna\u00e7\u00e3o de Aluguel, Demarca\u00e7\u00e3o de Terras Particulares, Despejo por Den\u00fancia Vazia, Despejo por falta de pagamento de alugu\u00e9is, Extin\u00e7\u00e3o de Fian\u00e7a, Renovat\u00f3ria de Loca\u00e7\u00e3o, Manuten\u00e7\u00e3o e reintegra\u00e7\u00e3o de posse, Usucapi\u00e3o Especial Urbano, Usucapi\u00e3o Extraordin\u00e1rio, Usucapi\u00e3o Ordin\u00e1rio, Revis\u00e3o e arbitramento de aluguel.<\/p>\n\n\n\n<p>Estamos preparados para oferecer a nossos clientes solu\u00e7\u00f5es legais e procedimentais, de forma r\u00e1pida e eficaz. Objetivando facilitar o entendimento das diversas mat\u00e9rias que o direito Civil abrange preferimos separar em t\u00f3picos como segue::<\/p>\n\n\n\n<p>Advogado Imobili\u00e1rio &#8211; Atraso na Entrega das Chaves;<br>Advogado Imobili\u00e1rio &#8211; Rescis\u00e3o do Contrato e Devolu\u00e7\u00e3o do Dinheiro;<br>Advogado Imobili\u00e1rio &#8211; Taxa de Corretagem &#8211; SATI;<br>Advogado Imobili\u00e1rio &#8211; A\u00e7\u00e3o de Consigna\u00e7\u00e3o de Aluguel;<br>Advogado Imobili\u00e1rio &#8211; A\u00e7\u00e3o de Demarca\u00e7\u00e3o de Terras Particulares;<br>Advogado Imobili\u00e1rio &#8211; A\u00e7\u00e3o de Despejo por Den\u00fancia Vazia;<br>Advogado Imobili\u00e1rio &#8211; A\u00e7\u00e3o Ordin\u00e1ria de despejo;<br>Advogado Imobili\u00e1rio &#8211; A\u00e7\u00e3o de Despejo por falta de pagamento de alugu\u00e9is;<br>Advogado Imobili\u00e1rio &#8211; A\u00e7\u00e3o de Extin\u00e7\u00e3o de Fian\u00e7a;<br>Advogado Imobili\u00e1rio &#8211; A\u00e7\u00e3o de Nuncia\u00e7\u00e3o de Obra Nova;<br>Advogado Imobili\u00e1rio &#8211; A\u00e7\u00e3o Renovat\u00f3ria de Loca\u00e7\u00e3o;<br>Advogado Imobili\u00e1rio &#8211; Manuten\u00e7\u00e3o e reintegra\u00e7\u00e3o de posse;<br>Advogado Imobili\u00e1rio &#8211; A\u00e7\u00e3o de Usucapi\u00e3o Especial Urbano;<br>Advogado Imobili\u00e1rio &#8211; A\u00e7\u00e3o de Usucapi\u00e3o Extraordin\u00e1rio;<br>Advogado Imobili\u00e1rio &#8211; A\u00e7\u00e3o de Usucapi\u00e3o Ordin\u00e1rio;<br>Advogado Imobili\u00e1rio &#8211; Revis\u00e3o e arbitramento de aluguel;<\/p>\n","protected":false},"excerpt":{"rendered":"<p>Atuamos no direito imobili\u00e1rio, principalmente com Compra e Venda de Im\u00f3veis, tais como: Atraso na Entrega das Chaves, Taxa SATI (Servi\u00e7os de Assist\u00eancia T\u00e9cnico Imobili\u00e1ria) , Taxa de Corretagem, tamb\u00e9m denominada Cl\u00e1usula de Corretagem, desist\u00eancia do contrato, devolu\u00e7\u00e3o do dinheiro pago, Consigna\u00e7\u00e3o de Aluguel, Demarca\u00e7\u00e3o de Terras Particulares, Despejo por Den\u00fancia Vazia, Despejo por falta &hellip; <a href=\"https:\/\/www.abn.adv.br\/noticiasjuridicas\/advogado-imobiliario\/\" class=\"more-link\">Continue lendo <span class=\"screen-reader-text\">Advogado Imobili\u00e1rio<\/span> <span class=\"meta-nav\">&rarr;<\/span><\/a><\/p>\n","protected":false},"author":2,"featured_media":1276,"parent":0,"menu_order":0,"comment_status":"closed","ping_status":"closed","template":"","meta":{"_joinchat":[],"footnotes":""},"class_list":["post-1997","page","type-page","status-publish","has-post-thumbnail","hentry"],"_links":{"self":[{"href":"https:\/\/www.abn.adv.br\/noticiasjuridicas\/wp-json\/wp\/v2\/pages\/1997","targetHints":{"allow":["GET"]}}],"collection":[{"href":"https:\/\/www.abn.adv.br\/noticiasjuridicas\/wp-json\/wp\/v2\/pages"}],"about":[{"href":"https:\/\/www.abn.adv.br\/noticiasjuridicas\/wp-json\/wp\/v2\/types\/page"}],"author":[{"embeddable":true,"href":"https:\/\/www.abn.adv.br\/noticiasjuridicas\/wp-json\/wp\/v2\/users\/2"}],"replies":[{"embeddable":true,"href":"https:\/\/www.abn.adv.br\/noticiasjuridicas\/wp-json\/wp\/v2\/comments?post=1997"}],"version-history":[{"count":1,"href":"https:\/\/www.abn.adv.br\/noticiasjuridicas\/wp-json\/wp\/v2\/pages\/1997\/revisions"}],"predecessor-version":[{"id":1998,"href":"https:\/\/www.abn.adv.br\/noticiasjuridicas\/wp-json\/wp\/v2\/pages\/1997\/revisions\/1998"}],"wp:featuredmedia":[{"embeddable":true,"href":"https:\/\/www.abn.adv.br\/noticiasjuridicas\/wp-json\/wp\/v2\/media\/1276"}],"wp:attachment":[{"href":"https:\/\/www.abn.adv.br\/noticiasjuridicas\/wp-json\/wp\/v2\/media?parent=1997"}],"curies":[{"name":"wp","href":"https:\/\/api.w.org\/{rel}","templated":true}]}}